 5, 367, 811
List the prime factors of 208761.
3, 7, 9941
List the prime factors of 850896.
2, 3, 19, 311
List the prime factors of 26780323.
359, 74597
What are the prime factors of 10568899?
11, 960809
List the prime factors of 7793204.
2, 1948301
What are the prime factors of 7934869?
17, 47, 9931
What are the prime factors of 20328778?
2, 10164389
List the prime factors of 77776.
2, 4861
What are the prime factors of 23802868?
2, 47, 126611
What are the prime factors of 1146809?
1146809
List the prime factors of 41402.
2, 127, 163
What are the prime factors of 541562?
2, 7, 101, 383
What are the prime factors of 652077?
3, 24151
What are the prime factors of 571995?
3, 5, 19, 223
List the prime factors of 3036903.
3, 19, 53279
What are the prime factors of 503301?
3, 127, 1321
What are the prime factors of 4536744?
2, 3, 19, 9949
What are the prime factors of 6257976?
2, 3, 239, 1091
What are the prime factors of 143619?
3, 7, 977
What are the prime factors of 248867?
248867
What are the prime factors of 22612978?
2, 1493, 7573
What are the prime factors of 8384341?
7, 139, 1231
What are the prime factors of 5930897?
7, 847271
List the prime factors of 292260.
2, 3, 5, 4871
List the prime factors of 294109.
491, 599
List the prime factors of 19008880.
2, 5, 11, 21601
List the prime factors of 287372.
2, 71843
What are the prime factors of 7049526?
2, 3, 11, 17, 61, 103
What are the prime factors of 93389?
47, 1987
What are the prime factors of 628986?
2, 3, 104831
List the prime factors of 26533191.
3, 23, 41, 83, 113
What are the prime factors of 2955021?
3, 985007
What are the prime factors of 549512?
2, 149, 461
List the prime factors of 314301.
3, 13, 8059
What are the prime factors of 15711441?
3, 79, 66293
List the prime factors of 23641155.
3, 5, 525359
List the prime factors of 420398.
2, 11, 97, 197
List the prime factors of 5664466.
2, 1667, 1699
What are the prime factors of 885025?
5, 35401
List the prime factors of 26738689.
283, 94483
What are the prime factors of 220535?
5, 7, 6301
What are the prime factors of 442053?
3, 49117
What are the prime factors of 699559?
7, 37, 73
List the prime factors of 1304031.
3, 23, 18899
List the prime factors of 4690509.
3, 1563503
List the prime factors of 85700.
2, 5, 857
List the prime factors of 2994514.
2, 19, 78803
What are the prime factors of 4133546?
2, 563, 3671
What are the prime factors of 311798?
2, 31, 47, 107
List the prime factors of 193516.
2, 101, 479
What are the prime factors of 365244?
2, 3, 11, 2767
What are the prime factors of 1448990?
2, 5, 144899
What are the prime factors of 21587530?
2, 5, 2158753
What are the prime factors of 6447331?
11, 586121
What are the prime factors of 602389?
137, 4397
List the prime factors of 5078157.
3, 7, 241817
List the prime factors of 3215722.
2, 23, 53, 1319
List the prime factors of 43404203.
137, 316819
List the prime factors of 882957.
3, 294319
List the prime factors of 144528.
2, 3, 3011
What are the prime factors of 220435?
5, 44087
What are the prime factors of 1312486?
2, 7, 241, 389
List the prime factors of 267707.
11, 24337
What are the prime factors of 590483?
37, 15959
List the prime factors of 382903.
71, 5393
What are the prime factors of 1333335?
3, 5, 103, 863
List the prime factors of 662799.
3, 220933
List the prime factors of 131158.
2, 65579
List the prime factors of 1946141.
1946141
List the prime factors of 1758257.
1758257
What are the prime factors of 2417722?
2, 743, 1627
List the prime factors of 10521777.
3, 7, 501037
List the prime factors of 7612470.
2, 3, 5, 41, 2063
What are the prime factors of 1259880?
2, 3, 5, 10499
List the prime factors of 6008439.
3, 61, 32833
List the prime factors of 3086572.
2, 771643
List the prime factors of 10258190.
2, 5, 1025819
What are the prime factors of 2349582?
2, 3, 193, 2029
List the prime factors of 443918.
2, 173, 1283
What are the prime factors of 10818918?
2, 3, 11, 101, 541
List the prime factors of 2846160.
2, 3, 5, 59, 67
List the prime factors of 14419485.
3, 5, 17, 61, 103
What are the prime factors of 81818?
2, 11, 3719
List the prime factors of 29453814.
2, 3, 13, 41957
What are the prime factors of 353095?
5, 70619
List the prime factors of 5391826.
2, 11, 245083
What are the prime factors of 1691797?
1021, 1657
What are the prime factors of 924864?
2, 3, 4817
What are the prime factors of 37348299?
3, 4149811
What are the prime factors of 5715539?
1039, 5501
List the prime factors of 176290.
2, 5, 17, 61
What are the prime factors of 9528637?
9528637
What are the prime factors of 333105?
3, 5, 53, 419
What are the prime factors of 1762757?
269, 6553
List the prime factors of 167312.
2, 10457
What are the prime factors of 956162?
2, 389, 1229
What are the prime factors of 64326?
2, 3, 71, 151
What are the prime factors of 4163395?
5, 832679
What are the prime factors of 538967?
11, 13, 3769
What are the prime factors of 3907279?
911, 4289
List the prime factors of 85390.
2, 5, 8539
List the prime factors of 3549316.
2, 443, 2003
What are the prime factors of 119822?
2, 181, 331
What are the prime factors of 747033?
3, 7, 35573
What are the prime factors of 14863816?
2, 11, 67, 2521
What are the prime factors of 17992094?
2, 8996047
List the prime factors of 1561114.
2, 571, 1367
What are the prime factors of 881202?
2, 3, 7, 20981
What are the prime factors of 290529?
3, 19, 1699
List the prime factors of 846470.
2, 5, 47, 1801
What are the prime factors of 44985?
3, 5, 2999
What are the prime factors of 37977257?
19, 211, 9473
List the prime factors of 229635.
3, 5, 7
What are the prime factors of 2878472?
2, 109, 3301
What are the prime factors of 1549564?
2, 19, 20389
What are the prime factors of 480423?
3, 160141
List the prime factors of 1587711.
3, 529237
List the prime factors of 1310923.
1310923
What are the prime factors of 18818542?
2, 9409271
What are the prime factors of 112299?
3, 11, 41, 83
What are the prime factors of 11858145?
3, 5, 13, 60811
List the prime factors of 22626114.
2, 3, 7, 89, 6053
What are the prime factors of 6138241?
17, 89, 4057
What are the prime factors of 15129284?
2, 97, 38993
What are the prime factors of 8285?
5, 1657
List the prime factors of 214822.
2, 37, 2903
List the prime factors of 16440.
2, 3, 5, 137
What are the prime factors of 22703597?
7, 191, 16981
What are the prime factors of 10606?
2, 5303
What are the prime factors of 35428492?
2, 11, 353, 2281
List the prime factors of 77322.
2, 3, 7, 263
What are the prime factors of 8938279?
7, 1276897
What are the prime factors of 4691183?
7, 71, 9439
List the prime factors of 180733.
7, 25819
What are the prime factors of 160907?
160907
List the prime factors of 6354301.
6354301
What are the prime factors of 20000352?
2, 3, 208337
List the prime factors of 336186.
2, 3, 19, 983
What are the prime factors of 5849407?
5849407
What are the prime factors of 4461328?
2, 53, 5261
What are the prime factors of 103742?
2, 51871
What are the prime factors of 1211094?
2, 3, 61, 1103
List the prime factors of 95167.
59, 1613
What are the prime factors of 1113065?
5, 222613
What are the prime factors of 992806?
2, 31, 67, 239
What are the prime factors of 412797?
3, 7, 11, 1787
List the prime factors of 1509065.
5, 301813
What are the prime factors of 9435611?
9435611
List the prime factors of 8487200.
2, 5, 103
What are the prime factors of 3086237?
7, 11, 149, 269
List the prime factors of 3416287.
7, 29, 16829
What are the prime factors of 10716492?
2, 3, 893041
What are the prime factors of 3255596?
2, 47, 17317
What are the prime factors of 14710?
2, 5, 1471
What are the prime factors of 561086?
2, 47, 127
List the prime factors of 3537857.
19, 79, 2357
List the prime factors of 278778.
2, 3, 97, 479
What are the prime factors of 373073?
373073
List the prime factors of 1961675.
5, 78467
List the prime factors of 6383758.
2, 37, 281, 307
What are the prime factors of 7553443?
199, 37957
What are the prime factors of 381435?
3, 5, 59, 431
What are the prime factors of 639569?
7, 91367
What are the prime factors of 13304084?
2, 31, 3461
List the prime factors of 89415.
3, 5, 1987
What are the prime factors of 5536671?
3, 7, 263651
What are the prime factor